-r**2 - 9*r - 7. Calculate t(-11).
-29
Let u(z) = 3*z - 2. What is u(-7)?
-23
Let h(g) = -40*g + 678. Give h(17).
-2
Let d(j) = 24*j + 1967. Give d(-82).
-1
Let o(l) = -3*l + 4. What is o(7)?
-17
Let n(i) = 3*i**3 + 21*i**2 + 5*i + 35. Determine n(-7).
0
Let h(b) = -2*b + 9. Determine h(-6).
21
Let y(u) = -u - 10. Determine y(-11).
1
Let r(u) = u**2 + 4*u - 4. Give r(-6).
8
Let g(m) = m**2 - m - 750. Give g(28).
6
Let h(y) = 50*y**2 + 147*y - 2. Calculate h(-3).
7
Let v(u) = -28*u + 211. Give v(8).
-13
Let l(z) = 4*z**2 - 3*z - 2. Determine l(-1).
5
Let b(i) = -2*i - 3. Give b(-6).
9
Let z(k) = k**3 - 5*k**2 - 4*k - 1. Give z(6).
11
Let x(v) = -v - 5. Calculate x(-4).
-1
Let f(j) = 9*j + 43. Determine f(-4).
7
Let m(r) = -r**3 + 16*r**2 - 18*r - 6. Give m(15).
-51
Let o(n) = 3*n + 8. Determine o(5).
23
Let s(w) = 2*w**2 + 6*w + 1. What is s(-6)?
37
Let u(a) = -14*a - 139. What is u(-10)?
1
Let r(k) = -7*k - 9. Give r(-3).
12
Let o(s) = -s**3 - 31*s**2 - 54*s + 54. Give o(-29).
-62
Let k(t) = -t**3 + 10*t**2 + t - 15. Determine k(10).
-5
Let y(o) = -31*o + 2230. What is y(72)?
-2
Let r(a) = -10*a - 79. Give r(-7).
-9
Let n(r) = r**3 + 15*r**2. Calculate n(-15).
0
Let k(c) = 6*c**3 + 5*c**2 + c + 2. Calculate k(-3).
-118
Let u(h) = -2*h**2 - 19*h - 11. Determine u(-8).
13
Let p(c) = c. Calculate p(-5).
-5
Let y(w) = w**2 - w. Calculate y(1).
0
Let v(y) = -13*y**2 - y - 5. Determine v(-2).
-55
Let n(r) = 4*r**2 - 3*r + 3. Give n(4).
55
Let d(l) = l + 10. Determine d(-16).
-6
Let h(g) = -19*g**2 - g - 1. Give h(-1).
-19
Let m(x) = 46*x**2 + 2*x + 3. Determine m(-1).
47
Let o(m) = -m**2 - 75*m - 422. Give o(-69).
-8
Let c(z) = 3*z**3 - z**2 - z. Give c(-2).
-26
Let j(p) = p**2 - 26*p - 110. Give j(30).
10
Let l(q) = q - 5. Calculate l(1).
-4
Let o(v) = -v**3 + 13*v**2 - 8*v - 16. Calculate o(12).
32
Let k(q) = q**2 + 13*q + 16. Determine k(-10).
-14
Let a(v) = -14*v**2 + 4*v + 2. Calculate a(-1).
-16
Let x(p) = -2*p**2 - 5*p + 36. Calculate x(6).
-66
Let a(o) = o**3 - 10*o**2 + 7*o. Determine a(9).
-18
Let n(i) = -i**2 + 2*i + 1. What is n(0)?
1
Let f(k) = -2*k**2 - 11*k - 7. Give f(-9).
-70
Let l(c) = -c - 9. Calculate l(9).
-18
Let i(q) = 64*q**2. Calculate i(1).
64
Let v(u) = -2*u**3 - 6*u**2 + 3. Give v(-4).
35
Let q(t) = 23*t**3 - 3*t - 4. What is q(-1)?
-24
Let q(r) = 2*r**2 - 33*r - 2. What is q(17)?
15
Let y(i) = i - 8. Give y(7).
-1
Let i(d) = 2*d**3 + 12*d**2 - 12*d. What is i(-8)?
-160
Let v(k) = 9*k + 28. Calculate v(-7).
-35
Let f(g) = g**2 - 14*g - 26. Calculate f(15).
-11
Let w(i) = 6*i**3 - i**2 - 3*i - 2. Give w(-1).
-6
Let a(y) = -y**2 + 16*y - 49. Give a(14).
-21
Let n(a) = -4*a - 29. Calculate n(-6).
-5
Let t(a) = -a**2 + 11*a - 30. What is t(9)?
-12
Let v(r) = -16*r + 1. Give v(-4).
65
Let a(t) = -t**2 - 2*t. Give a(2).
-8
Let g(a) = a**2 + 10*a - 1. Calculate g(-10).
-1
Let p(q) = 99*q - 1. What is p(2)?
197
Let y(m) = -m**3 - 11*m**2 - 9*m + 18. Calculate y(-10).
8
Let y(a) = 2*a**3 + 16*a**2 + 4. Calculate y(-8).
4
Let k(j) = -j**2 + 8*j - 25. Determine k(5).
-10
Let x(f) = 7*f - 33. Calculate x(6).
9
Let j(b) = -b**2 + 32*b - 232. Calculate j(11).
-1
Let g(c) = -c**3 + 5*c**2 - 3*c + 4. Calculate g(3).
13
Let d(s) = s**3 - 27*s**2 + 25*s + 24. Give d(26).
-2
Let x(q) = -q**2 + 13*q + 17. Determine x(14).
3
Let r(u) = -3*u - 53. Give r(-22).
13
Let i(z) = -4*z + 34. Determine i(14).
-22
Let u(l) = l - 13. What is u(0)?
-13
Let b(x) = -x**2 + 13*x - 15. What is b(12)?
-3
Let y(l) = 2*l**2 - 28*l + 14. Give y(14).
14
Let a(s) = s**2 + 9*s + 13. Determine a(-6).
-5
Let s(b) = -b**2 - 7*b + 3. Calculate s(-8).
-5
Let n(m) = m**3 + 35*m**2 + 67*m - 22. What is n(-33)?
-55
Let r(b) = -b**2 - 5*b - 4. Calculate r(-7).
-18
Let f(v) = -7*v - 17. Determine f(-12).
67
Let t(i) = -i**3 + 11*i**2 + 12*i + 15. What is t(12)?
15
Let k(l) = l**3 - 7*l**2 + 5. Calculate k(7).
5
Let h(t) = -t**3 + 2*t**2 + 10*t + 4. Calculate h(5).
-21
Let p(r) = r**2 - 2*r - 41. Give p(-4).
-17
Let h(t) = -t**2 + 13*t - 40. Calculate h(7).
2
Let g(d) = -5*d - 53. Calculate g(-19).
42
Let k(s) = -24*s + 179. Determine k(7).
11
Let g(w) = w**3 - 4*w**2 + 3*w - 20. Give g(5).
20
Let m(c) = c**3 - 6*c**2 + 6*c - 4. Determine m(4).
-12
Let y(j) = j**3 + 7*j**2 + 8*j + 2. Give y(-5).
12
Let a(l) = 11*l - 5. What is a(3)?
28
Let l(o) = o**2 - 8*o - 10. What is l(7)?
-17
Let s(y) = -y**3 + 7*y**2 - 11*y + 2. Determine s(5).
-3
Let l(h) = h + 3. Give l(4).
7
Let n(x) = 18*x**2 - x. What is n(1)?
17
Let a(u) = 8*u**3 + 2*u**2 + u. Determine a(-1).
-7
Let l(w) = w**2 + 15*w - 13. Determine l(-16).
3
Let i(y) = y**2 - 8*y - 5. Calculate i(6).
-17
Let b(r) = -3*r - 32. Determine b(-12).
4
Let f(i) = i**2 - 19*i + 97. Determine f(10).
7
Let z(b) = -b**2 - 7*b + 4. Calculate z(-9).
-14
Let k(f) = f**2 + 3*f - 7. Give k(-6).
11
Let l(h) = 4*h**2 + 10*h + 1. Determine l(-3).
7
Let x(f) = -f**3 - 8*f**2 - 13*f + 10. What is x(-4)?
-2
Let y(v) = 50*v + 5. Give y(1).
55
Let k(p) = -p**3 - 5*p**2 - 13*p - 17. Give k(-5).
48
Let c(f) = f**3 - 12*f**2 + 3*f - 16. Calculate c(12).
20
Let z(r) = r**2 + 4*r - 6. Give z(-3).
-9
Let l(k) = -2*k + 4. Give l(6).
-8
Let s(z) = z**2 - z - 17. Determine s(5).
3
Let l(x) = -x**3 - 13*x**2 + 28*x + 28. Give l(-15).
58
Let p(r) = r - 1. What is p(-12)?
-13
Let c(w) = w**3 - 15*w**2 + 8*w - 112. What is c(15)?
8
Let b(z) = z**3 - 5*z**2 - z + 4. Determine b(3).
-17
Let v(k) = k**2 - 13*k + 1. What is v(10)?
-29
Let k(t) = 2*t**3 - 14*t**2 - 14*t - 4. Calculate k(8).
12
Let h(j) = -j**2 + 2*j - 6. Calculate h(4).
-14
Let f(a) = -a**2 - 11*a - 4. Give f(-9).
14
Let w(x) = x**3 - 7*x**2 + 4*x + 5. Give w(4).
-27
Let x(u) = -2*u**2 - 8*u - 7. Determine x(-7).
-49
Let h(t) = -30*t - 664. Determine h(-22).
-4
Let o(r) = r - 4. Give o(11).
7
Let u(c) = 2*c + 71. Calculate u(-22).
27
Let h(s) = 2*s**2 + 57*s + 22. Give h(-28).
-6
Let q(c) = -c**2 + 22*c + 417. Give q(-12).
9
Let g(q) = -q**3 + 17*q**2 - 30*q + 6. Calculate g(15).
6
Let j(a) = -8*a - 362. Determine j(-46).
6
Let a(d) = d**2 - 13*d - 14. Give a(10).
-44
Let a(m) = 5*m**2 - 7*m + 5. Give a(0).
5
Let l(p) = p**3 + 6*p**2 - 9*p - 6. Determine l(-7).
8
Let m(c) = c**3 + 17*c**2 + 32*c + 19. Give m(-15).
-11
Let v(b) = -b**2 + 8*b + 13. Determine v(10).
-7
Let i(t) = 3*t + 10. Give i(16).
58
Let p(i) = -i**2 + 5*i + 22. Give p(9).
-14
Let f(t) = -3*t + 59. Calculate f(0).
59
Let k(p) = -5*p - 2. Calculate k(-2).
8
Let f(s) = -11*s**3 - 9*s**2 + 7*s. Give f(2).
-110
Let i(u) = 3*u**3 + 14*u**2 - 9*u + 2. Calculate i(-5).
22
Let u(k) = 36*k - 38. Determine u(1).
-2
Let c(m) = -2*m**2 - 6*m + 4. What is c(-4)?
-4
Let o(s) = -3*s**2 - 54*s + 49. What is o(-19)?
-8
Let g(q) = 3*q - 10. Calculate g(2).
-4
Let g(i) = -i**2 + 12*i + 8. Give g(12).
8
Let l(q) = 22*q + 27. Calculate l(-4).
-61
Let u(l) = l + 15. Give u(-11).
4
Let i(v) = v**3 - 3*v**2 + 2. Give i(1).
0
Let y(h) = h**2 - 46*h + 503. Calculate y(27).
-10
Let b(s) = -s + 10. Give b(0).
10
Let x(k) = k**3 - 4*k**2 + 8. Determine x(4).
8
Let g(v) = -v**3 - 6*v**2 - 5*v + 5. What is g(-5)?
5
Let a(y) = -y**3 - 7*y**2 + y + 33. What is a(-6)?
-9
Let s(p) = p**2 - 12*p + 8. Give s(7).
-27
Let u(s) = -3*s**3 - 121*s**2 - 38*s + 57. What is u(-40)?
-23
Let b(o) = o**3 - 4*o**2 - 6*o + 20. Calculate b(6).
56
Let y(x) = -20*x + 1. Determine y(-1).
21
Let a(t) = t**3 - 10*t**2 + 18*t + 9. Determine a(7).
-12
Let w(r) = r**3 - 4*r**2 - 6*r + 11. Give w(4).
-13
Let k(s) = -s**2 + 3*s + 13. Give k(-9).
-95
Let u(f) = f**3 - 3*f**2 - 7*f - 10. Calculate u(5).
5
Let l(r) = 3*r - 64. Calculate l(26).
14
Let a(z) = -13*z - 4. What is a(4)?
-56
Let a(z) = 3*z**2 - 33*z + 6. Calculate a(11).
6
Let w(u) = u**3 - 12*u**2 - 14*u + 8. Calculate w(13).
-5
Let w(b) = 16*b - 11. Calculate w(5).
69
Let r(a) = 3*a**2 + 13*a + 3. What is r(-4)?
-1
Let f(i) = -7*i - 9. What is f(-8)?
47
Let j(s) = -87*s**3 + 3*s**2 - 2. Calculate j(1).
-86
Let x(z) = -144*z + 286. Calculate x(2).
-2
Let q(l) = -3*l - 4. What is q(-4)?
8
Let w(c) = -c**2 - 11*c - 7. Determine w(-8).
17
Let k(g) = g**2 + 22*g + 37. Calculate k(-25).
112
Let l(u) = u**3 + 22*u**2 + 22*u + 15. Give l(-21).
-6
Let h(i) = i**2 + 27*i + 57. Determine h(-25).
7
Let q(a) = -a**2 - 9*a - 4. Determine q(-6)